the highest common factor of 78 and 672.
6
Calculate the highest common divisor of 70 and 235.
5
What is the greatest common factor of 30 and 12?
6
What is the greatest common factor of 1 and 4?
1
What is the highest common factor of 432 and 8?
8
Calculate the highest common factor of 25 and 2525.
25
Calculate the highest common factor of 1886 and 253.
23
Calculate the highest common divisor of 1080 and 240.
120
What is the greatest common divisor of 2 and 11708?
2
What is the highest common factor of 80 and 640?
80
What is the highest common divisor of 7 and 511?
7
Calculate the highest common divisor of 1 and 191.
1
What is the highest common divisor of 18 and 29466?
18
What is the highest common factor of 360 and 48?
24
Calculate the greatest common divisor of 128 and 2.
2
What is the highest common factor of 19 and 589?
19
What is the greatest common divisor of 1566 and 58?
58
Calculate the highest common divisor of 10 and 1220.
10
What is the highest common factor of 567 and 9891?
63
Calculate the greatest common factor of 2934 and 24.
6
Calculate the greatest common divisor of 437 and 247.
19
What is the greatest common factor of 67 and 2881?
67
What is the highest common divisor of 1773 and 6107?
197
What is the greatest common factor of 49 and 1?
1
Calculate the highest common factor of 87 and 145.
29
What is the greatest common factor of 2 and 245?
1
Calculate the highest common divisor of 8814 and 78.
78
Calculate the greatest common factor of 207 and 667.
23
What is the highest common factor of 93 and 6?
3
Calculate the greatest common factor of 2420 and 20.
20
Calculate the greatest common factor of 245 and 196.
49
Calculate the highest common divisor of 750 and 30.
30
Calculate the highest common divisor of 598 and 104.
26
Calculate the highest common factor of 85 and 8653.
17
Calculate the highest common divisor of 12 and 147.
3
Calculate the greatest common divisor of 59 and 295.
59
Calculate the highest common divisor of 27 and 819.
9
What is the highest common divisor of 3 and 35523?
3
What is the greatest common factor of 930 and 40?
10
Calculate the highest common divisor of 378 and 105.
21
Calculate the greatest common divisor of 16 and 392.
8
Calculate the highest common divisor of 966 and 552.
138
Calculate the highest common factor of 1524 and 12.
12
What is the highest common factor of 30 and 160?
10
What is the greatest common divisor of 296 and 16?
8
What is the highest common divisor of 30 and 2400?
30
What is the greatest common divisor of 13300 and 14?
14
Calculate the highest common factor of 21 and 1253.
7
Calculate the highest common divisor of 20 and 10.
10
What is the greatest common divisor of 1027 and 26?
13
What is the highest common divisor of 45 and 2709?
9
Calculate the greatest common factor of 142 and 26.
2
Calculate the greatest common divisor of 1 and 4157.
1
Calculate the highest common divisor of 2465 and 1595.
145
Calculate the greatest common factor of 66 and 4587.
33
Calculate the greatest common factor of 11232 and 56.
8
Calculate the greatest common divisor of 7 and 56.
7
Calculate the greatest common divisor of 80 and 1072.
16
Calculate the highest common divisor of 36 and 1116.
36
What is the highest common divisor of 57823 and 106?
53
Calculate the highest common divisor of 69 and 92.
23
Calculate the greatest common factor of 30 and 5970.
30
Calculate the highest common factor of 403 and 1829.
31
What is the highest common factor of 962 and 78?
26
Calculate the highest common divisor of 96 and 11952.
48
What is the highest common divisor of 117 and 884?
13
Calculate the greatest common factor of 1712 and 16.
16
What is the greatest common factor of 2639 and 26?
13
What is the highest common divisor of 6181 and 7?
7
What is the greatest common factor of 54 and 144?
18
Calculate the highest common divisor of 95 and 10.
5
Calculate the highest common divisor of 3504 and 144.
48
Calculate the highest common divisor of 4 and 324.
4
Calculate the highest common factor of 1177 and 11.
11
What is the highest common divisor of 434 and 2044?
14
What is the highest common factor of 99 and 4224?
33
Calculate the greatest common divisor of 50 and 175.
25
What is the highest common factor of 2068 and 423?
47
What is the highest common factor of 421 and 63992?
421
What is the highest common divisor of 50 and 290?
10
Calculate the greatest common factor of 99 and 77.
11
Calculate the highest common factor of 1025 and 82.
41
Calculate the highest common divisor of 4025 and 2275.
175
What is the highest common divisor of 18 and 342?
18
What is the greatest common divisor of 608 and 32?
32
What is the highest common divisor of 725 and 4205?
145
Calculate the greatest common factor of 6150 and 123.
123
Calculate the greatest common divisor of 160 and 2960.
80
Calculate the highest common divisor of 697 and 41.
41
Calculate the highest common divisor of 19 and 15.
1
What is the greatest common divisor of 104 and 3068?
52
Calculate the highest common divisor of 63 and 144.
9
What is the greatest common divisor of 176 and 2486?
22
Calculate the greatest common divisor of 459 and 216.
27
What is the greatest common factor of 14 and 462?
14
Calculate the highest common factor of 35 and 875.
35
Calculate the highest common divisor of 168 and 1281.
21
Calculate the highest common factor of 3 and 447.
3
What is the highest common factor of 47 and 376?
47
What is the highest common divisor of 336 and 868?
28
What is the highest common factor of 153 and 72?
9
What is the highest common divisor of 760 and 5415?
95
What is the highest common divisor of 19149 and 39?
39
Calculate the greatest common divisor of 85 and 7837.
17
Calculate the greatest common factor of 10 and 130.
10
Calculate the highest common factor of 55 and 1067.
11
Calculate the greatest common factor of 260 and 1118.
26
What is the highest common factor of 16 and 116?
4
Calculate the greatest common divisor of 231 and 363.
33
What is the greatest common factor of 2709 and 258?
129
What is the highest common divisor of 74 and 16?
2
What is the greatest common factor of 495 and 2277?
99
Calculate the highest common factor of 42 and 42.
42
What is the greatest common factor of 24 and 762?
6
What is the highest common factor of 4823 and 49?
7
Calculate the greatest common divisor of 45 and 3720.
15
What is the greatest common factor of 1032 and 192?
24
What is the greatest common divisor of 63 and 21?
21
What is the highest common divisor of 3883 and 187?
11
What is the highest common divisor of 2007 and 45?
9
What is the highest common divisor of 3441 and 465?
93
Calculate the greatest common divisor of 203 and 469.
7
What is the greatest common divisor of 9118 and 94?
94
What is the highest common divisor of 21 and 1169?
7
Calculate the greatest common divisor of 682 and 16.
2
Calculate the highest common factor of 3058 and 22.
22
What is the greatest common factor of 363 and 2651?
11
Calculate the highest common divisor of 198 and 44.
22
Calculate the greatest common divisor of 64 and 128.
64
Calculate the greatest common factor of 641 and 2.
1
What is the greatest common factor of 1032 and 1204?
172
What is the greatest common divisor of 19012 and 196?
196
What is the greatest common factor of 970 and 30?
10
What is the greatest common divisor of 34 and 323?
17
Calculate the highest common factor of 138 and 12.
6
What is the greatest common factor of 16 and 112?
16
Calculate the greatest common factor of 1809 and 54.
27
Calculate the greatest common divisor of 19 and 7.
1
Calculate the greatest common factor of 2775 and 111.
111
What is the greatest common factor of 2827 and 11?
11
What is the highest common divisor of 665 and 14?
7
What is the highest common divisor of 1100 and 25?
25
What is the greatest common factor of 78 and 39?
39
What is the greatest common divisor of 645 and 75?
15
What is the greatest common factor of 15 and 3840?
15
Calculate the greatest common divisor of 21 and 469.
7
What is the highest common factor of 94 and 1222?
94
Calculate the greatest common factor of 648 and 96.
24
What is the greatest common factor of 23722 and 29?
29
Calculate the highest common factor of 48 and 368.
16
Calculate the greatest common divisor 